t of (333/333)/((1/(-13769))/(2 + -3))?
1
Let j be -2*(42/(-4))/7. Suppose -5*b + 5*k = -25, 0*b + k = -j*b + 19. What is the units digit of 72/20*140/b?
4
Let s be ((-5)/10)/((-10396)/(-3464) - 3). Let d = -126 - s. What is the units digit of d?
7
Let n(q) = -2*q**3 + 38*q**2 + q - 25. Let w be n(19). Let z be 1/2 + (5 - 1527/w). Let l = -34 + z. What is the tens digit of l?
2
Let t(p) = 6*p**2 - 392*p - 1979. What is the thousands digit of t(123)?
0
Suppose 0 = -17*g + 19*g - 8. Suppose q = -4*v + 1419, 0 = 6*v - 2*v + g*q - 1428. What is the tens digit of v?
5
Let n(a) be the third derivative of a**6/60 - a**5/20 - a**4/4 + 4*a**3/3 - a**2 - 5*a. Let i = 7 + -2. What is the tens digit of n(i)?
5
Let w = 25462 + -8863. What is the ten thousands digit of w?
1
Let m(s) = 53*s - 103. Let d be m(5). Suppose 159*x - d*x = -3153. What is the hundreds digit of x?
0
Suppose 5348 = 206*b - 199*b. Suppose -762*n + b*n = 1492. What is the tens digit of n?
4
Suppose 25*u - 40219 = 21*u - 3*q, -2*u = 5*q - 20099. What is the thousands digit of u?
0
Let d(w) = 5*w**3 + 2*w**2 + 4*w + 1. Let a(p) = p**2 + 3*p + 3. Let s be a(-3). Let h be d(s). Let x = h - 44. What is the tens digit of x?
2
Let t be (5/2)/(-5*5/(-650)). Let g = 69 - t. Suppose -g*p = 3*p - 784. What is the hundreds digit of p?
1
Let g be 28*(-2 + 10) - -4. Let r = -156 + g. Let h = -39 + r. What is the tens digit of h?
3
Suppose -4*p + 28 = 4*u, -4*p - 4*u + 19 = -3*p. Suppose 12*y - 133 = -q + 13*y, 673 = 5*q + p*y. What is the hundreds digit of q?
1
Let p = 1672 - -3767. What is the thousands digit of p?
5
Let a(o) = -494*o - 1632. What is the units digit of a(-35)?
8
Let k be 147/5 + 6/(-15). Suppose -29*h + 35*h + 5*y - 231 = 0, -3*h = 4*y - 111. Let o = h - k. What is the tens digit of o?
1
Suppose 0*g = 4*g - l + 1, 5*l = 25. What is the tens digit of (-8)/((-8)/(-219))*-4 - g?
7
Suppose 2*a - 5*j = -9 + 329, -20 = -5*j. Suppose 5*f - 2*h - 481 = -199, h + a = 3*f. What is the units digit of f?
8
Suppose -5*t + 35 - 15 = 0. Suppose 2*l = -t*l + 600. What is the units digit of l?
0
Let o = -38271 + 41949. What is the hundreds digit of o?
6
Suppose -7*t + 3*t = -16. Suppose 0 = -t*o + 33 + 3. What is the units digit of (-9)/6*(-138)/o?
3
Let c(y) be the first derivative of 47*y**2/2 - 100*y + 80. What is the tens digit of c(19)?
9
Suppose z - 3 + 8 = 0. Let j be (-4)/14 - z*1/(-7). What is the hundreds digit of j*(-1)/(-4) - (-6255)/60?
1
Suppose 2 = -2*k + 2*z, -5*k - 3*z = -20 - 7. Suppose w - 2*s - 915 = 2*s, s = -k*w + 2771. What is the units digit of w?
3
Let t be (1479/(-1))/1*(-12 - -9). Suppose 5*v - t = -0*g - 2*g, 0 = 4*v + 2*g - 3550. What is the hundreds digit of v?
8
Suppose 201 = i - 2*v, 2*i + 127 = -4*v + 505. Suppose 59 = -2*q + i. What is the tens digit of q?
6
Suppose -3*d + 45 + 0 = 0. Suppose -18*y = -d*y - 648. Suppose y = 8*s - 5*s. What is the tens digit of s?
7
Let p = -313 + 269. What is the tens digit of (-776 - p/(-11))*(-2)/4?
9
What is the tens digit of 2*(-1)/(-10) + 3924007/115 + 11?
3
Let m(l) be the second derivative of l**5/10 + 5*l**4/12 + 2*l**3/3 - 2*l**2 + 17*l. Let z be m(4). Let a = -132 + z. What is the tens digit of a?
8
Let h be -12 + -2*(-3)/(-18)*6. Let p = 253 + h. Suppose 117 = 4*c - p. What is the tens digit of c?
8
Suppose -222 = -10*s - 202. Suppose -2*q + 4*p = -804, 0 = -3*q + s*p + 3*p + 1204. What is the tens digit of q?
9
Let x be (-3)/(-3)*6/(-3) - -8. What is the tens digit of x - (-2 + -4 - 891)?
0
Let v be 3/(-6) + 14283/46. Let i = 985 - v. What is the tens digit of i?
7
Let o(p) = -23675*p**3 + 30*p**2 + 27*p - 4. What is the units digit of o(-1)?
4
Suppose -2*y - 2*m = 6, 2*y + 11 = -4*m + 1. What is the units digit of 1*y*(-32*26 - 10)?
2
Let h(q) = 5*q**2 + 9*q - 7. Let b be h(1). Suppose b*r = 2735 + 940. What is the hundreds digit of r?
5
Suppose 4*v - 3*g + 20 = -11, 5*g = 2*v + 33. Let q be (-2)/v + 44/8. What is the tens digit of ((-2)/q)/((-2)/204)?
3
Let v(c) = -c**3 + c**2 + 81*c - 21. Let g be v(-9). Suppose 50*o + 14570 = g*o. What is the hundreds digit of o?
4
Let y(p) = -2*p**3 - 2*p**2 + 6*p - 2. Suppose -22*g = -23*g - 8. What is the tens digit of y(g)?
4
Let h(f) = -f**3 - 26*f**2 - 32*f + 29. Let s be h(-26). Let w = s - 549. What is the tens digit of w?
1
Let f be (12/(-2))/((-6)/4). Suppose -m = -f*x + 1832, -3*m + m + 449 = x. What is the units digit of x?
7
Let u be 0/(-9) - (-7 + 3). Let m(h) = 87*h**2 - 13*h + 68. What is the tens digit of m(u)?
0
Suppose 45*u - 4*j = 41*u + 42760, -2*j + 32065 = 3*u. Suppose -720*o = -713*o - u. What is the tens digit of o?
2
Let c(a) = -4*a**3 - 32*a**2 + 32*a - 2. What is the tens digit of c(-14)?
5
Suppose 21*m - 99390 = 159834. What is the ten thousands digit of m?
1
Let h(v) = -222 + 78*v + 444 - 220 + 21*v. What is the tens digit of h(3)?
9
Let r(j) = -2*j**2 - 7*j - 2. Let t be r(-3). Let a(q) = 366*q**3 - 3*q**2 + 4*q - 2. What is the units digit of a(t)?
5
Let f = 2035 + -201. What is the hundreds digit of 15/75 + f/5?
3
Let w = 6 + 41. What is the tens digit of w/(-1 - 4/(-2))?
4
What is the tens digit of 3 - (-351)/(-108) - (-94106)/8?
6
Let q be 70/(-5)*(-4)/2. Let r be ((-24)/q)/(-3)*7. What is the units digit of (0 - r)*(-11)/2?
1
Suppose -1550 = -5*d + 2*r, d + 51 - 361 = -4*r. Suppose 0 = -4*o + 1070 + d. What is the hundreds digit of o?
3
Let n = 2271 + 4182. What is the units digit of n?
3
Let v = 212 + -211. What is the units digit of 603/v - (-24 - -29)?
8
Let y = -1881 - -5798. What is the thousands digit of y?
3
Let m(l) = l**2 - 9*l - 4. Let n be m(-10). Let v = n - -1303. What is the tens digit of v?
8
Suppose 12*g - 14*g + 4 = 0. Suppose -g*p + v = -107 - 1021, -5*v = p - 575. What is the tens digit of p?
6
Let k = -51 - -54. Suppose -2*r + 97 = -k. Let i = 57 - r. What is the units digit of i?
7
Let t be 1 - -5 - 565 - (0 - 2). Let c = -431 - t. What is the tens digit of c?
2
Suppose 39*v - 1154529 = -97044. What is the tens digit of v?
1
Suppose 4*v + 11 = 31. Suppose -4*q - 25 = w - 0*w, -2*w + q - v = 0. What is the tens digit of ((-1)/2)/(w/330)?
3
Suppose 0 = -3*k - s + 32224, 63*s - 66*s + 32208 = 3*k. What is the ten thousands digit of k?
1
What is the hundreds digit of (9 - 2)*3/21 + 9647?
6
Let z(r) = 16*r**2 + 39*r - 648. What is the units digit of z(35)?
7
Let y(b) = -3*b + 184 - 4*b - 8*b + 11*b - 3*b. What is the units digit of y(-45)?
9
Let w = -65 - -64. Let o be 3 - ((-5)/w + -4). What is the units digit of (1928/10)/o - 9/(-15)?
7
Suppose -w - 9 = -13. Let q(h) = -274*h + 4. Let r be q(-3). Suppose w*f - r = 314. What is the tens digit of f?
8
Let r(v) = -2*v**3 + 22*v**2 - 18*v - 11. Let g be (-12)/6 - (-6 - 0). Suppose -g*o = -2*o + 5*z - 3, -4*z - 39 = -3*o. What is the units digit of r(o)?
1
Let s(f) = -f - 9. Let a be s(-19). Suppose -5 = -o - 0*i - 5*i, 2*o = 2*i + a. Suppose -y - v + 105 = -10, -o*y + 575 = v. What is the hundreds digit of y?
1
Let d = 76456 - 16254. What is the hundreds digit of d?
2
Let m(d) = 14*d + 48. Let c be m(-14). Let t = c + 400. What is the hundreds digit of t?
2
Let j be (11 - (-4 - 8))/(2/90). Suppose 0 = 4*h - j - 3581. What is the thousands digit of h?
1
Suppose -41836 = -30*p + 38924. What is the units digit of p?
2
Let y = -10870 - -20584. What is the thousands digit of y?
9
Let g = 10736 - 2718. What is the thousands digit of g?
8
Suppose 62*l - 17097 = 293709. What is the thousands digit of l?
5
Let k(w) = -18*w**3 + 3*w**2 - 19*w + 24. What is the thousands digit of k(-6)?
4
Let i be 0/(15/10*-2). Suppose i*m - 4*m = 8, 0 = -5*o - m + 35173. What is the units digit of 2/(-17) + o/119?
9
Let f = 33 - 119. Let v = -93 - f. What is the units digit of ((-271)/v - 10/(-35)) + 2?
1
Let f(n) be the first derivative of -23*n**5/20 - n**4/24 - 4*n**3/3 - 19. Let u(r) be the third derivative of f(r). What is the hundreds digit of u(-1)?
1
Let j be (-3)/(((-8)/48)/(3742/18)). Let o = j - 2451. What is the thousands digit of o?
1
Suppose -h - y + 19 = 11, -5*h - y = -20. Suppose 0 = -3*o - 5*l + 464, h*o + l - 295 - 189 = 0. What is the units digit of o?
3
Let n(c) = c**3 + 2*c**2 - 3*c + 2. Let j be n(-3). Suppose -4*w - j*s = -0*s - 1214, -1189 = -4*w + 3*s. What is the units digit of 